364.
353
Calculate the remainder when 49166 is divided by 9831.
11
What is the remainder when 3042 is divided by 154?
116
Calculate the remainder when 225222 is divided by 715.
712
What is the remainder when 2262 is divided by 750?
12
Calculate the remainder when 10061 is divided by 193.
25
What is the remainder when 2641 is divided by 462?
331
Calculate the remainder when 75678 is divided by 16.
14
Calculate the remainder when 259343 is divided by 129670.
3
Calculate the remainder when 4316 is divided by 76.
60
What is the remainder when 1053 is divided by 713?
340
What is the remainder when 9574 is divided by 100?
74
Calculate the remainder when 1922 is divided by 921.
80
Calculate the remainder when 16292 is divided by 61.
5
Calculate the remainder when 1791 is divided by 793.
205
What is the remainder when 942479 is divided by 168?
167
Calculate the remainder when 4481 is divided by 1472.
65
What is the remainder when 864 is divided by 127?
102
Calculate the remainder when 5918 is divided by 65.
3
Calculate the remainder when 2489715 is divided by 77.
74
What is the remainder when 6673 is divided by 2194?
91
What is the remainder when 702 is divided by 68?
22
What is the remainder when 1391997 is divided by 13?
9
Calculate the remainder when 14125 is divided by 2017.
6
What is the remainder when 4281 is divided by 607?
32
What is the remainder when 2604550 is divided by 564?
562
Calculate the remainder when 4088 is divided by 11.
7
Calculate the remainder when 11157 is divided by 349.
338
What is the remainder when 275623 is divided by 45?
43
Calculate the remainder when 302136 is divided by 32.
24
Calculate the remainder when 6867 is divided by 97.
77
What is the remainder when 3433 is divided by 206?
137
What is the remainder when 23057 is divided by 19?
10
Calculate the remainder when 4701 is divided by 1522.
135
What is the remainder when 67457 is divided by 780?
377
What is the remainder when 4325 is divided by 3940?
385
Calculate the remainder when 418982 is divided by 8215.
17
What is the remainder when 577858 is divided by 3931?
1
What is the remainder when 3638 is divided by 305?
283
What is the remainder when 10517 is divided by 147?
80
What is the remainder when 58320 is divided by 2777?
3
What is the remainder when 2251456 is divided by 198?
196
Calculate the remainder when 8349 is divided by 61.
53
What is the remainder when 31086 is divided by 129?
126
What is the remainder when 76012 is divided by 1434?
10
What is the remainder when 1815 is divided by 1776?
39
What is the remainder when 20255 is divided by 6748?
11
What is the remainder when 198213 is divided by 55?
48
What is the remainder when 7691 is divided by 44?
35
What is the remainder when 2212 is divided by 115?
27
Calculate the remainder when 2204 is divided by 2199.
5
What is the remainder when 1418 is divided by 36?
14
Calculate the remainder when 60091 is divided by 2731.
9
What is the remainder when 191 is divided by 78?
35
What is the remainder when 165081 is divided by 19?
9
Calculate the remainder when 5943 is divided by 89.
69
Calculate the remainder when 24120 is divided by 4822.
10
What is the remainder when 16337 is divided by 76?
73
What is the remainder when 64007 is divided by 253?
251
Calculate the remainder when 23330 is divided by 69.
8
Calculate the remainder when 436346 is divided by 6611.
20
What is the remainder when 1515 is divided by 13?
7
What is the remainder when 2755 is divided by 1169?
417
Calculate the remainder when 160458 is divided by 1091.
81
Calculate the remainder when 3130 is divided by 3099.
31
What is the remainder when 16504 is divided by 1311?
772
Calculate the remainder when 2376 is divided by 13.
10
Calculate the remainder when 25141 is divided by 21.
4
What is the remainder when 54547 is divided by 1818?
7
What is the remainder when 8283 is divided by 54?
21
What is the remainder when 150544 is divided by 3501?
1
Calculate the remainder when 10795 is divided by 1239.
883
What is the remainder when 1991 is divided by 44?
11
What is the remainder when 6079 is divided by 583?
249
What is the remainder when 954 is divided by 261?
171
Calculate the remainder when 3486 is divided by 554.
162
What is the remainder when 7446 is divided by 496?
6
What is the remainder when 256327 is divided by 32?
7
What is the remainder when 61924 is divided by 397?
389
Calculate the remainder when 1016596 is divided by 219.
217
Calculate the remainder when 7234 is divided by 517.
513
Calculate the remainder when 11017 is divided by 2739.
61
Calculate the remainder when 166370 is divided by 29.
26
Calculate the remainder when 1617 is divided by 187.
121
What is the remainder when 4617 is divided by 6?
3
Calculate the remainder when 68618 is divided by 693.
11
Calculate the remainder when 75143 is divided by 340.
3
What is the remainder when 4256 is divided by 1383?
107
Calculate the remainder when 2799 is divided by 2777.
22
Calculate the remainder when 9821 is divided by 3264.
29
Calculate the remainder when 59396 is divided by 180.
176
What is the remainder when 1908 is divided by 911?
86
Calculate the remainder when 50073 is divided by 496.
473
Calculate the remainder when 479759 is divided by 95950.
9
What is the remainder when 133600 is divided by 193?
44
What is the remainder when 23748 is divided by 23638?
110
What is the remainder when 10705 is divided by 113?
83
Calculate the remainder when 70607 is divided by 54.
29
What is the remainder when 2406660 is divided by 317?
313
Calculate the remainder when 448622 is divided by 88.
86
What is the remainder when 34555 is divided by 283?
29
What is the remainder when 4318 is divided by 398?
338
What is the remainder when 3318 is divided by 413?
14
Calculate the remainder when 26529 is divided by 379.
378
What is the remainder when 53373 is divided by 834?
831
What is the remainder when 29589 is divided by 108?
105
What is the remainder when 7526 is divided by 1881?
2
Calculate the remainder when 95220 is divided by 61.
60
What is the remainder when 527 is divided by 78?
59
What is the remainder when 68196 is divided by 200?
196
What is the remainder when 2947 is divided by 135?
112
What is the remainder when 24067 is divided by 2719?
2315
What is the remainder when 475034 is divided by 206?
204
Calculate the remainder when 24635 is divided by 297.
281
What is the remainder when 3172 is divided by 61?
0
What is the remainder when 712010 is divided by 23?
22
What is the remainder when 926349 is divided by 24?
21
Calculate the remainder when 31079 is divided by 7761.
35
Calculate the remainder when 3918 is divided by 71.
13
What is the remainder when 146512 is divided by 169?
158
Calculate the remainder when 5519 is divided by 766.
157
What is the remainder when 221058 is divided by 97?
92
Calculate the remainder when 1722 is divided by 340.
22
What is the remainder when 2608168 is divided by 521632?
8
Calculate the remainder when 316466 is divided by 105488.
2
What is the remainder when 2442 is divided by 16?
10
What is the remainder when 1220 is divided by 61?
0
Calculate the remainder when 77226 is divided by 169.
162
What is the remainder when 28438 is divided by 254?
244
Calculate the remainder when 78274 is divided by 6.
4
What is the remainder when 3482 is divided by 156?
50
Calculate the remainder when 9961 is divided by 498.
1
Calculate the remainder when 99330 is divided by 33103.
21
What is the remainder when 1084 is divided by 205?
59
Calculate the remainder when 3360 is divided by 187.
181
What is the remainder when 74863 is divided by 35?
33
Calculate the remainder when 27425 is divided by 13498.
429
Calculate the remainder when 2660 is divided by 46.
38
What is the remainder when 36451 is divided by 2425?
76
Calculate the remainder when 598255 is divided by 153.
25
What is the remainder when 674 is divided by 45?
44
Calculate the remainder when 39292 is divided by 13083.
43
Calculate the remainder when 12040 is divided by 709.
696
Calculate the remainder when 5196 is divided by 1292.
28
Calculate the remainder when 230863 is divided by 3.
1
What is the remainder when 13529 is divided by 17?
14
Calculate the remainder when 48 is divided by 24.
0
Calculate the remainder when 27022